35. What are the prime factors of y?
2, 43
Let p be -2 + 3 + 1 + -38. Let m be 484*12/p*(-3)/2. Let u = m + -70. What are the prime factors of u?
2, 43
Suppose -10*y + 296 + 304 = 0. Suppose -m + y = -0*m - 2*a, a - 245 = -5*m. Suppose -5*d = -4*s + 9*s - m, 4*s + 5*d = 37. List the prime factors of s.
13
Let x(b) = 6*b**2 - 5*b + 1. Let v be x(1). Let u be ((-137)/v)/(5/(-10)). Suppose 7*r = 6*r + u. What are the prime factors of r?
137
Let y(w) = w**3 - 2*w**2 - 1. Let c be y(3). Let o(j) = 4*j - 8 - c*j - 3*j + 0*j. What are the prime factors of o(-10)?
2, 31
Let x = 51683 + -36016. What are the prime factors of x?
15667
What are the prime factors of (-5685 + -105)*(-1 + 0)?
2, 3, 5, 193
Let c = 334 + -307. List the prime factors of 466 + 36/c*(0 + -3).
2, 3, 7, 11
Let q(z) = -z - 1. Let l be q(-1). Suppose l*u + 3*u - 17 = 5*n, 4*u + 4*n + 20 = 0. What are the prime factors of ((-4)/(-8)*-202)/u?
101
Let c(p) = 1445*p - 325. What are the prime factors of c(4)?
5, 1091
Let h be 1*-14*(16 - 17). Suppose h*n = 4*n + 970. Let g = -37 + n. What are the prime factors of g?
2, 3, 5
Let o(u) = -51*u - 69. Let w be 760/(-28) - (-8)/56. List the prime factors of o(w).
2, 3, 109
Suppose -2*l + 3*o + 8 = -3, -4*o - 18 = -l. Let p = 116 + l. What are the prime factors of p?
2, 3, 19
Suppose 6*p - 6*p + 5*a = 0, 3*p - 135645 = 4*a. List the prime factors of p.
5, 9043
Let f(u) = 3*u**3 - 5*u**2 + 6*u - 12. Let h be f(4). Let l = h - 119. Suppose -3*z = l*y - 98 - 518, -4*y + 614 = 3*z. What are the prime factors of z?
2, 101
Let f be (-411)/(-2)*(-13)/((-52)/40). Suppose 2*l + 8*k = 13*k + f, -2075 = -2*l + k. List the prime factors of l.
2, 5, 13
Let a = 5524 + -3734. Suppose -5*l - 2*z = -6200 + 1723, -2*l = z - a. List the prime factors of l.
3, 13, 23
Let z be 3*3/((-21)/(-7)). Suppose 1916 = z*f + 4*r, f + 2*r = 570 + 72. List the prime factors of f.
2, 79
Let y = 6 - -15. Let i = 24 - y. List the prime factors of (4/i)/(2/102).
2, 17
Suppose 4*i - 6*i = -3*r - 4, 4*r = -4*i + 8. What are the prime factors of r*-2*3/(-12) + 351?
3, 13
Suppose -2*y + 2003 = j - 6*j, 0 = -y - 2*j + 997. Suppose -4*g - y = -13*g. List the prime factors of g.
3, 37
Let g = 5636 - 2871. What are the prime factors of g?
5, 7, 79
Let s = -571 - -245. Let a = s - -1263. List the prime factors of a.
937
Suppose 0*b - 2*b = -4*b. What are the prime factors of (-77 - -22)/(-1 + b)?
5, 11
Suppose 2*u - 26*u + 92840 + 96664 = 0. List the prime factors of u.
2, 3, 7, 47
Suppose -p = -31 + 26. Suppose 38 = -p*i + 3*i. Let h = i + 25. List the prime factors of h.
2, 3
Suppose 5*t = -4*t - 10*t + 166801. What are the prime factors of t?
8779
Suppose -5*h - 2*l = -124982, -2*h + 45*l - 47*l + 49994 = 0. List the prime factors of h.
2, 3, 2083
Let q(l) = 29*l**2 + 67*l - 392. List the prime factors of q(5).
2, 167
List the prime factors of (-44*(-8943)/110)/((-6)/(-40)).
2, 11, 271
Suppose 25 = 3*w + 2*w. Let a = 4064 - 4061. Suppose -w*m = -5, -4*n + a*m - 2*m = -83. List the prime factors of n.
3, 7
Suppose -5*h - 4*q + 986 = -q, -5*q + 10 = 0. Suppose -h*v + 200*v = 424. What are the prime factors of v?
2, 53
Suppose 5*q - 1012 = -17*q. Suppose 27456 = q*t - 13*t. What are the prime factors of t?
2, 13
Suppose 7510 = 2*q - d, 0 = -44*q + 49*q + d - 18768. List the prime factors of q.
2, 1877
Let h(y) = 219*y + 26. Let n = 234 - 233. List the prime factors of h(n).
5, 7
Let t = 47981 - 4025. What are the prime factors of t?
2, 3, 11, 37
Suppose 279*l = 268*l + 91696. List the prime factors of l.
2, 521
Suppose 96394 = 12*b + 33699 - 53981. List the prime factors of b.
3, 7, 463
Let d be -4*(2 + 7)*18/(-36). Suppose -12*a + d*a = 3732. What are the prime factors of a?
2, 311
Suppose -42*t - 4 = -41*t. Let r be -3*t/6*(-9)/(-6). Suppose -r*b - 2*s + 547 = 0, 0*s = 3*b + 3*s - 546. List the prime factors of b.
3, 61
Suppose 0 = -6*w - 258 - 144. Let i = w - -338. What are the prime factors of i?
271
Let g be (-3 - -34)/(2/26). Let o be 6/(-10) - (g/5)/(-1). Suppose -10*f - o = -650. List the prime factors of f.
3, 19
Let m = 132 - 130. Let r(f) = -8*f**3 + m*f**2 + 37 - 17*f - 2*f**2 + 9*f**3 + 14*f**2. List the prime factors of r(-15).
67
Let m(x) be the second derivative of -x**5/20 + 4*x**4/3 - 2*x**3/3 + 30*x**2 + 179*x. List the prime factors of m(13).
5, 103
Let x = -67 - -72. Suppose x*f + 145 = -660. What are the prime factors of 8 + -5 + -4 - f?
2, 5
Suppose 3*w + 2*s = -5 + 23, 3*w = 4*s. Suppose o = 3*u - 8, o + 3 = 2*u - w*u. What are the prime factors of u/(970/(-325) - -3)?
5, 13
Let r(t) = 131*t**2 - 22*t - 456. What are the prime factors of r(14)?
2, 3, 173
Suppose 10*c - 166 + 36 = 0. Suppose c*k = -6*k + 4921. List the prime factors of k.
7, 37
Let q = -8334 - -10315. What are the prime factors of q?
7, 283
Let z = 425 + 32. What are the prime factors of ((-3)/5)/((-6)/(-30)) + z?
2, 227
Let r = 275 - 273. Suppose 1824 = r*h - 22. List the prime factors of h.
13, 71
Let r = 200 + -194. Suppose -3*s = 5*g - 504, -7*g + r*g + 105 = 2*s. List the prime factors of g.
3, 11
Let o(x) = -2*x + 1. Suppose b - 7 = -7*q + 8*q, 2*q = -4*b + 16. Let s(g) = -25*g + 42. Let t(c) = b*o(c) - s(c). What are the prime factors of t(11)?
2
Let c be 1/2 + 15/6. Suppose 0 = 2*p + l - 312, p = -2*p + c*l + 450. List the prime factors of p.
2, 7, 11
Let a = 11345 - -11967. List the prime factors of a.
2, 31, 47
Suppose -3*w - 242*q + 29893 = -247*q, -2*w + 19917 = -q. List the prime factors of w.
2, 19, 131
Let q(z) = -14*z - 1. Let l be q(-4). Let n = -50 + l. What are the prime factors of 3078/(-76)*(1 - n/3)?
3
Suppose 3*p + p = -36. Let l be (-4)/(-18) + p/((-162)/140). Suppose -2*j - l = 0, 2*w - 4*j - 374 = -0*j. List the prime factors of w.
179
Let y = -1650 - -2784. Suppose 0 = 4*b + 146 - y. What are the prime factors of b?
13, 19
Suppose -3*x + 676*q + 186254 = 680*q, 0 = -4*q + 8. List the prime factors of x.
2, 3, 3449
Let i be (6072/26)/3 - 8/(-52). Let q = 85 - i. Suppose q*a = 9*a - 218. List the prime factors of a.
109
What are the prime factors of ((-650)/20 - -37) + (-78187)/(-2)?
2, 113, 173
Suppose 2*o + o - 3*l = -90, 0 = -3*o + 5*l - 84. Suppose 144*c + 43300 = 94*c. List the prime factors of c/(-8) - (o/12 + 3).
2, 3
Suppose 0 = 2*d - 5*j - 329, -2*j - 3 = j. Suppose 0 = -y + 3*y - d. Suppose 9*i - y - 162 = 0. What are the prime factors of i?
3
Suppose -3628*i = -3636*i + 32816. What are the prime factors of i?
2, 7, 293
Let w = 40 - 51. Let p be w/(-3) + (28/12 - 3). Suppose -2*x + p*s = -431, -x + 4*x = -s + 641. List the prime factors of x.
2, 107
Let t(y) = 10 + 5*y**2 + 6*y**2 - 4*y**3 + y**3 + 2*y**3 - 8*y. Suppose -g + 526 = 522. What are the prime factors of t(g)?
2, 3, 5
Suppose 3*t + g = 8, 4*t - 6 = 3*t - g. List the prime factors of (2 + t + -2)/(31/10943).
353
Suppose 76*r - 2237598 = 49*r. List the prime factors of r.
2, 11, 3767
Suppose 5*i = -10*g + 7*g - 622, i = 2*g + 406. List the prime factors of (-3 - (g + -2)) + -1.
2, 101
Suppose 4*i - 2*x = 5*i + 7, -2*x - 4 = 2*i. Let q be -324*10/75*-5. Suppose 2*k - 96 = -2*u, 2*k + i*k - u = q. What are the prime factors of k?
2, 11
Let d be 4/(3 + -1) + (-2)/(-1). Suppose 4*k + 5*x - 10 = 0, -4*x + 6*x = 5*k + d. List the prime factors of ((-2)/(-6) - k)/(44/792).
2, 3
Let v(t) = -7*t**2 - 4*t - 21. Let i(k) = 4*k**2 + 2*k + 11. Let a(r) = -5*i(r) - 3*v(r). Suppose 0 = 46*q - 60*q - 140. What are the prime factors of a(q)?
2, 11
Suppose -5*u + 26 = 5*h + 126, 0 = u - 4*h + 40. Let w be 3/(-2)*u/9. Suppose -5*a - m + 4*m = -750, w*a - 600 = -5*m. List the prime factors of a.
2, 3, 5
Suppose 2*z - 4*p = 90, -2*z + 0*z = -2*p - 90. Let y = z - 43. Suppose 0 = -6*n + y*n + 168. What are the prime factors of n?
2, 3, 7
Suppose 17*z - 42*z = -45325. List the prime factors of z.
7, 37
List the prime factors of 9*(877/9 + 0).
877
Suppose 639 = 2*i - 5*i. List the prime factors of (-1)/(216/i + 1).
71
What are the prime factors of (-10 + (-15 - -26))*57919?
17, 3407
Suppose 23*f - 3327 = -71039. Let u = -1733 - f. What are the prime factors of u?
7, 173
Suppose -2825 = -5*v + 4*v - 3*q, 3*v - 3*q = 8439. What are the prime factors of v?
2, 11
Let f(c) = 388*c + 1160. What are the prime factors of f(5)?
2, 5, 